 - 4 - 4) + 5.
3
(-1 - (6 - 8)) + (4 - 1)
4
What is (11 - 1) + -10 - 4?
-4
Evaluate (5 - (-3 + -6 - -6)) + -18.
-10
1 + (7 - 9) + (-1 - -4)
2
What is 0 + -2 + (-3 + 2 - -5)?
2
Calculate 6 + -8 + 9 - 0.
7
Evaluate -2 + (-2 - 4) + 10.
2
What is the value of (-15 - -21) + 1 + -10?
-3
Calculate 4 - 1 - (4 - (-3 - -8)).
4
What is -2 - (18 + -11) - -10?
1
Calculate -9 - (3 + -7 + 0).
-5
0 - ((-8 - (1 - 5)) + 1)
3
(-7 - -8 - -4) + (1 - 5)
1
What is the value of -11 - (-1 - (-2 - -4)) - -5?
-3
Calculate -5 + 11 + -11 + 0 - -7.
2
Calculate -6 - (7 + -2 - 5).
-6
What is the value of (-6 - -14 - -5) + -16?
-3
Evaluate -1 - (2 - (0 + (10 - 5))).
2
What is the value of 19 + 4 + (-9 - 7)?
7
Evaluate 11 + -3 - (5 - (8 + -13)).
-2
4 - (-1 - 4 - -10)
-1
Evaluate -3 + (10 - 4) + (-3 - 6).
-6
8 - (-1 + 0 - -4)
5
Calculate 4 - 11 - (5 + -19).
7
What is the value of (2 - 0) + -6 + (1 - -7)?
4
Calculate 3 - -1 - -4 - 3.
5
2 + -4 - 2 - 1
-5
What is -5 + -6 + 7 - (-2 + 1)?
-3
Calculate 1 + -4 - (0 + 6 - 14).
5
What is the value of 0 - (3 + (1 - (3 - 0)))?
-1
(2 - (5 + -1)) + 1
-1
Calculate 7 + -5 + -10 + 7.
-1
-2 - ((-7 - -2) + 9 - 2)
-4
What is the value of 0 - ((-6 - -5) + 3)?
-2
What is the value of (-8 - (5 + -7)) + 13 - 7?
0
What is the value of -1 - (0 + 1) - (6 - 10)?
2
29 + -22 + 3 + -3 + -1
6
-1 - (12 + 1 + -7 - 11)
4
What is -4 + 2 + (0 - -1) + -3?
-4
Calculate -2 + 1 - ((-7 - -1) + 2).
3
Evaluate -8 + 8 - (-3 + 2 + 0).
1
What is the value of -1 + (-1 - -3) + 0 + 2?
3
(6 - (1 + 7)) + 7 - 2
3
1 + -4 + 5 + -5
-3
What is the value of 6 + 1 - (7 + -4)?
4
Evaluate (6 - 2) + (1 - 4).
1
What is -5 + 12 - (-2 - 2 - -17)?
-6
Calculate -4 + -4 + 3 + 2.
-3
(34 - 30) + (1 - 10)
-5
Calculate -8 + 2 + 5 + (1 - -4).
4
Calculate 2 + 7 + -3 + -9.
-3
Calculate (10 - 1) + (-13 - -4 - -3).
3
(21 - (5 - -5)) + -15
-4
What is the value of -4 + -4 - -5 - -3?
0
Calculate (-1 - (7 + (2 - 6))) + 3.
-1
-8 + 5 + (10 - 3)
4
Calculate -2 + -4 + 6 + 2.
2
What is -2 + 1 - (6 + -5 + 2)?
-4
-1 - -2 - (0 + 5)
-4
Evaluate 6 + (1 - 3 - 2).
2
Evaluate 6 + 4 + -7 - 1.
2
What is (8 + -1 - 0) + -5 - 7?
-5
Evaluate -2 + (5 - 12) + 3.
-6
What is -6 - (6 - (18 + -5))?
1
Evaluate 0 - -7 - (9 + -9 - -4).
3
-11 + (-6 + 2 - -3) - -3
-9
5 + (-4 + 7 - 8)
0
What is the value of -1 + (-3 - -7) + -8 + 8?
3
What is 18 + -9 + 1 - 16?
-6
-29 + 38 - (-3 - -18)
-6
What is 4 - (4 - (-1 - 0))?
-1
Evaluate (1 - (10 + 2 - 7)) + -1.
-5
What is the value of (11 - 3) + -6 - 5?
-3
Calculate 1 - (1 - (1 + -4)).
-3
What is -30 + 21 + (5 - -2)?
-2
Evaluate 1 + (3 - (-4 - -3)).
5
What is the value of -3 + (5 + -3 + 0 - -2)?
1
Calculate 5 + 0 + (-7 - -11) + -2.
7
Evaluate -4 + (-3 - (6 + -8)).
-5
(0 - 0) + -5 + 2 + 5
2
Evaluate 1 + 4 - (8 - 7).
4
Evaluate (-1 - 0) + -2 + -14 + 15.
-2
(-2 - 2) + -6 + 12 + -5
-3
(0 + 0 - -5) + -4
1
What is (-1 - -7) + (0 - 6)?
0
Calculate -2 - ((4 - 8 - -5) + -3).
0
What is the value of -1 + -3 + (-1 - (-7 - -1))?
1
What is 0 + -6 - -6 - -3?
3
What is the value of (3 - 1) + (-8 - -10)?
4
Evaluate (1 + 1 - 2) + (-3 - 2).
-5
What is the value of 5 + -2 + -3 - (2 - 0)?
-2
-1 - 5 - -4 - -8
6
What is the value of (1 + -2 - -10) + 46 + -52?
3
What is 4 + (7 + -4 - -1)?
8
Evaluate 2 - (-4 + (2 - (-4 + 4))).
4
Evaluate -4 + 11 - 5 - 4.
-2
0 + 5 - (10 + (-3 - 1))
-1
What is (1 - 0 - -1) + -10 + 5?
-3
What is -5 + (-4 - -8 - 0)?
-1
What is -11 - -13 - (-3 - (-4 + -2))?
-1
Evaluate 2 + -2 + (-3 - 3) + 4.
-2
-8 + -1 - (-121 - -121)
-9
What is the value of 0 + 6 + (14 - 14)?
6
What is (-7 - -5) + (-4 + 7 - 4)?
-3
8 - (-2 - 0 - (11 - 18))
3
What is 12 + 10 + -5 + -10?
7
Calculate (0 - (1 + -3)) + (17 - 12).
7
What is the value of 0 + -7 + (12 - -1)?
6
Calculate -2 - (1 - (-8 - -7)).
-4
What is the value of 104 + -110 + 14 + -1?
7
What is 0 - (-5 + 7 + 2)?
-4
What is the value of -1 + -1 - (6 - 3)?
-5
Evaluate (6 - -1) + -4 + 2.
5
Evaluate 6 + (-9 + 14 - 5).
6
Evaluate -1 + 7 + -8 + -2.
-4
Calculate (2 - 3 - 0) + 6.
5
What is (8 - 18) + 2 - -6?
-2
Calculate (3 - 11) + 6 + 1 + -4.
-5
What is the value of -3 - (-4 + 3) - (-1 + 0)?
-1
Calculate -4 + (-1 - (-4 - (-1 + 1))).
-1
Evaluate 0 + (6 - (-4 + 10 - -6)).
-6
6 + (-18 - -7) - -5
0
What is 0 + (-4 - (-17 - -5 - -5))?
3
Evaluate (3 - 13 - -5 - -5) + 3.
3
Evaluate 0 + (2 - (-1 + 1)).
2
Evaluate (7 - -2) + -5 + -7.
-3
What is the value of -4 + 0 + 4 + 1?
1
What is the value of 0 + 1 + -13 + 13 + 4?
5
Evaluate -3 + 1 - (0 + -4) - 0.
2
What is the value of -3 + (6 + -6 - 1)?
-4
Evaluate (2 - (-4 + 1) - 2) + -6.
-3
Evaluate 7 + -4 - -6 - (0 - 1).
10
What is 3 + -2 + -1 + 2 - 7?
-5
Calculate (1 - 11) + (42 - 33).
-1
What is -9 + 12 - (4 + -2)?
1
Evaluate (-3 - -9) + -9 + 6 + -5.
-2
Evaluate -1 + 0 + -4 + (8 - 6).
-3
What is the value of -9 + (1 - -11) + -8?
-5
What is 0 + (0 - 0) + (-8 - -8)?
0
What is the value of 1 - ((-2 - (3 + 0)) + 3)?
3
What is the value of 0 + -2 - 7 - -5?
-4
What is 9 + -5 + 2 + (-2 - -1)?
5
What is (-4 + 3 - 2) + 7 + 1?
5
Calculate -6 + (-7 - -7 - 4) - -5.
-5
What is the value of 4 + -2 - (-19 - -27)?
-6
Calculate 29 + -32 - (-10 + 2 + 0).
5
What is -6 + 0 + -1 + 3?
-4
What is 5 + -2 + -5 + -3 + -1?
-6
Calculate (10 + -12 - -5) + (-6 - -3).
0
What is -3 - (-4 + 1 - 2) - -1?
3
-1 - ((6 - 5) + -1)
-1
Evaluate 6 + 0 + (-8 - -4) - 6.
-4
Evaluate -13 - (-10 + 15 + -10).
-8
Evaluate -6 + 6 + 7 + -10.
-3
What is 4 - 0 - (6 + 6 + -7)?
-1
Calculate -1 + (3 - -4 - 6).
0
What is 33 - 42 - (0 + -7)?
-2
What is the value of -11 + 15 + -9 + 14?
9
Evaluate -1 + -1 + (-14 - 1) + 12.
-5
Evaluate 1 + 1 + (9 + -3 - 4).
4
(8 - 8 - -1) + (-4 - 1)
-4
Evaluate 14 + -5 + (7 - 13).
3
82 + -77 + (0 - 0 - 0)
5
13 - 10 - (0 - 0)
3
What is the value of -2 - -2 - (-2 - 1 - 0)?
3
Calculate 1 - 0 - 7 - (-189 + 188).
-5
What is the value of 14 - 9 - (-4 - -8)?
1
Calculate (2 - (7 + -4)) + 7.
6
2 + -2 - (-7 - -12) - 1
-6
Calculate 0 + 0 + -1 + 1 - 0.
0
Calculate -3 - (2 - (-3 - -8)).
0
Calculate -4 + (7 + -3 - 2) + 0.
-2
Calculate 17 - (-5 + 15 + -1).
8
Calculate (7 - (-7 - -6 - -3)) + -11.
-6
7 + -4 + (-9 - -4)
-2
Calculate -20 + 18 - (-1 + 2).
-3
What is (-2 - -1) + 3 - (1 + 6)?
-5
Evaluate 5 - (-1 - (6 + -1 - 8)).
3
6 - ((-7 - -13) + 1)
-1
Evaluate (5 - 9) + 3 - -1.
0
What is (2 - 18) + 8 + 8?
0
Evaluate 7 - (-6 - (-5 + -5)).
3
What is -42 + 42 + (3 - 6) + 10?
7
What is the value of 2 - 9 - ((-2 - 1) + 2)?
-6
Evaluate 3 + 1 + -4 + (2 - -1).
3
Calculate -3 - (-10 - 6) - 21.
-8
What is the value of (-1 - -10 - (-6 + 4)) + -6?
5
Calculate (-1 - 1) + 0 + 1.
-1
What is -2 + 13 + -11 - (0 - 6)?
6
-1 + 5 + (7 - 14 - -10)
7
Calculate 2 + -2 + (1 - (3 - 3)).
1
Evaluate -2 - (4 - ((4 - -2) + -9)).
-9
What is the value of -4 + 0 - (-58 + 46)?
8
Calculate -7 - (-3 + -6) - -2.
4
What is the value of (1 - -4) + (4 - 5 - 4)?
0
106 + -116 + -1 + 4
-7
Calculate -18 - -4 - (4 + -16).
-2
Evaluate -1 - (8 - ((1 - 5) + 6)).
-7
What is -3 + -4 + 10 + -8?
-5
Evaluate -6 + 2 - (0 - (9 + -7)).
-2
What is the value of -1 + (-1 - (2 - 1))?
-3
What is -1 + 4 + -4 + 7?
6
Calculate -3 + -3 + 1 + 10.
5
Calculate 3 + 6 + 13 + -19.
3
What is the value of (1 - (-10 + 11)) + 9?
9
What is the value of 1 + 0 - (18 + -38 + 20)?
1
Evaluate 4 + 2 - 8 - -6 - 1.
3
What is the value of 9 - ((-2 - -2) + (4 - 0))?
5
What is -11 + (0 - 5) - -13?
-3
Calculate -1 + (-4 - -4) - -7.
6
Evaluate 3 - (-1 + -3 + 7).
0
What is the value of -5 + 6 + -6 + 6?
1
Evaluate -4 + 3 - -15 - 13.
1
Calculate (-1 + 6 - 4) + -1 + 1.
1
What is -1 + 1 + (-3 - -7)?
4
What is -5 - ((-7 - 0) + -13 + 13)?
2
Evaluate (12 + -1 - (1 + 3)) + -4.
3
Evaluate (-1 - -6) + -15 + 13 + -1.
2
-1 + -8 + 9 + -2
-2
What is -3 + (-1 - -3 - (-1 + 2))?
-2
What is (-2 + (-1 - -4) - 0) + -5?
-4
Evaluate 3 - ((0 - 8) + 5) - 3.
3
Evaluate (3 - -1) + (0 - (-3 + 6)).
1
Evaluate -6 + 1 + 7 + (-3 - 1).
-2
Evaluate 8 + -4 + -12 + (7 - 2).
-3
Calculate 12 + (7 - 24) - -12.
7
5 + (-10 - -3 - -7)
5
-2 + 4 - 11 - -3
-6
Calculate -1 - (-3 + 2 - (1 - 0)).
1
Evaluate -1 - (5 - (-6 - (5 - 16))).
-1
What is (21 - 17) + (2 - 1 - 0)?
5
-2 + 1 + -5 + 10
4
Evaluate -3 - -1 - (-2 + 0 - 1).
1
Calculate 3 + (2 - 3) + -8 + 6.
0
Calculate -3 + (8 - -15 - 13).
7
Evaluate (-14 - -5) + 5 + (8 - 4).
0
Evaluate (8 - 3) + -7 + 0 + -8.
-10
Calculate 3 + -2 - (9 - 2) - -4.
-2
-12 + 11 - (6 +